 4 = -2*h. Let s(f) = 2*f + 1. What are the prime factors of s(h)?
5
Let p(y) be the second derivative of y**4/12 + 7*y**3/6 + y**2/2 + 4*y. List the prime factors of p(-8).
3
Let f(m) be the third derivative of m**5/20 + 2*m**2. What are the prime factors of f(-1)?
3
Let w = 33 + 209. What are the prime factors of w?
2, 11
Suppose -3*r - 18 = -0. What are the prime factors of (3 + -7)*r/8?
3
Let l(r) = 5 - 15*r**2 - 12*r**2 + 6. Let q(b) = 18*b**2 - 7. Let h(o) = 5*l(o) + 8*q(o). List the prime factors of h(1).
2
Suppose 2*f - 5*d = 29, -2*f + 2*d + 24 = -2*d. List the prime factors of (f/4)/(2/124).
31
Suppose -2*z + k = -7*z + 1085, -1070 = -5*z + 2*k. List the prime factors of z.
2, 3
Suppose -5*z - r + 21 = 0, -5*z + 5*r - 3 = -18. Suppose 0*t - 3*t - z*f = -39, 2*t - 4*f = 26. What are the prime factors of t?
13
Suppose -125 = -3*y - 2*y. Suppose s - 5*p + 25 = -2*s, -5*s - 5*p + y = 0. Suppose i = -2*c - s*i + 17, 3*c - 43 = 2*i. List the prime factors of c.
11
Suppose 3*u - 4*r = 150, -3*u - u - 2*r = -178. What are the prime factors of u?
2, 23
What are the prime factors of (-3)/1*1 - -65?
2, 31
Let i be (29 - 0) + (1 - 1). Suppose 0 = -n + v + i, -2*n + 28 = -0*v + 4*v. Suppose n = 3*o - o. What are the prime factors of o?
2, 3
Suppose 0 = 2*s - 0*s - 2. List the prime factors of s/2*(2 + 4).
3
Let b = -5 + 5. Suppose b*m = m - 11. List the prime factors of m.
11
Let z(d) = -15*d - 20. What are the prime factors of z(-14)?
2, 5, 19
Suppose -o + 2*a - 1 = 0, -o + 6*o = a + 22. Suppose o*r + 12 = 37. List the prime factors of 0 + (-9)/(2 - r).
3
Suppose -8 - 40 = -2*m. Suppose 3*i - 2*d - m = 0, -32 = -4*i - d + 5*d. What are the prime factors of i?
2
Suppose 89 = 4*m + 9. List the prime factors of m.
2, 5
What are the prime factors of -1 + 3 + 433 - (1 + -1)?
3, 5, 29
Let a(z) = -z**3 - 4*z**2 - 3*z + 3. Let u be a(-3). Let k(d) = -u + 4*d + 1 - 2*d. What are the prime factors of k(7)?
2, 3
Suppose -4*d = -3*v + 2, -5*v + 0*v + d = -9. Suppose 0 = v*k - 24 + 2. List the prime factors of k.
11
Suppose i = -2*x + 8, 5*x + 2 = 5*i + 7. Suppose i*w - 3*y - 36 = 0, 2*w - 32 = 2*y - y. List the prime factors of w.
3, 5
Let h = 40 + 16. Suppose 0 = -5*u + 2*x + 116 + 130, 3*x = -u + h. Let b = u - 34. What are the prime factors of b?
2
Let r(d) be the first derivative of 5*d**2/2 + 4*d + 2. Let z be r(3). Suppose -5*k + 4*s + z = s, -5*k - s + 7 = 0. List the prime factors of k.
2
Let m(a) = a**3 + 6*a**2 - a + 8. Let f be m(-6). Suppose 5*v + f = -s, 0 = -s + v - 4*v - 4. List the prime factors of s.
11
Suppose 0 = -l - 0*h - h - 42, -5*h = 3*l + 116. Let o = l - -92. List the prime factors of o.
3, 5
Let r(o) = -33*o - 1. List the prime factors of r(-1).
2
Suppose -13*u + 12*u + 17 = 0. Suppose i = 27 + u. What are the prime factors of i?
2, 11
What are the prime factors of (-2)/(-9) + 349/9?
3, 13
Suppose 0*c - 3*t = 3*c + 57, -4*c + 3*t - 48 = 0. Let p be (3 + c/6)*10. Suppose 3*r - p*r + 6 = -f, -4*r + 4*f = -16. What are the prime factors of r?
2
Let t(x) = x**3 - 3*x**2 - 3*x + 5. What are the prime factors of t(4)?
3
Let b = 89 - 47. What are the prime factors of b?
2, 3, 7
Let y be (-2)/(-1) + (-1 - -1). Suppose -10 = -3*v + y*v. Suppose -5*r - v = -2*k, 4*r = k - 6*k + 25. List the prime factors of k.
5
Suppose 2*d - 1 + 10 = 3*c, -4 = -c + d. Suppose 4*u - 14 = n, -10 = -2*u - n - 0*n. Suppose -h + u = -c. What are the prime factors of h?
5
Suppose 5*p - 122 = 113. What are the prime factors of p?
47
Let w(d) = -37*d**3 - d**2 + d - 3. List the prime factors of w(-2).
7, 41
Let z be (-33)/77 + 4/(-7). What are the prime factors of 0 + (-2 - z - -6)?
5
Let u = -126 - -234. What are the prime factors of u?
2, 3
List the prime factors of 10 + 15/5*(-2)/(-6).
11
Let y = -22 + 27. List the prime factors of y.
5
Suppose 10*b = 5*b + 500. What are the prime factors of b?
2, 5
Let h(d) = d**2 - 2*d + 3. Let l = -3 - -6. Let i be (l + -4)/(2/(-6)). What are the prime factors of h(i)?
2, 3
Let s(g) = 3*g + 15. What are the prime factors of s(10)?
3, 5
Let c(f) = -2*f - 9. Let k be c(-6). Let o = k + 4. List the prime factors of o.
7
What are the prime factors of 354/8 - 3/(-4)?
3, 5
Let m(g) = -2*g**2 + g - 3 + 3*g**3 + 1 - 2*g**3 - 2*g**3. List the prime factors of m(-3).
2
Let l be 6 - (1 + -2 + 0). Let z be (-5 - -1)*l/4. Let w(q) = -q**3 - 8*q**2 - 7*q + 7. What are the prime factors of w(z)?
7
Let t(u) = u**2 + 13*u - 9. Let n be t(-17). Suppose -62 = -2*g + 3*f, -5*f + 72 = 3*g - n. What are the prime factors of g?
37
Let g be (-76 - -1) + (-8)/2. Let b = -47 - g. What are the prime factors of b?
2
Let a(m) = 2*m**3 + m**2. Let c be a(1). Suppose c*l = -2*l - 15. Let u = l - -6. List the prime factors of u.
3
Let s(h) = -h**2 - 7*h. Let b be s(-5). Suppose -2*t = -q - b, q = t + 1 - 7. Suppose -10 = -t*v - v. What are the prime factors of v?
2
Let s(j) = -j**3 - 18*j**2 - 19*j - 15. What are the prime factors of s(-17)?
19
Let x(u) = u**2 + u + 5. List the prime factors of x(7).
61
Suppose 0 = 2*s + 3*s - 110. List the prime factors of s.
2, 11
Suppose -3*z - 12 = 3*o, 4*o + z + 10 = o. Let x be 34 + o*(-6)/(-9). List the prime factors of 2/5*(x + -2).
2, 3
Let o be (-1)/((-3)/3) - -2. Let j(d) = -d**2 + 3*d - 4. Let t be j(o). What are the prime factors of 1/(-1)*28/t?
7
Let o = -10 - -15. Suppose -o*b + 0*z - 4*z + 43 = 0, 4*z - 1 = b. List the prime factors of b.
7
Suppose -m + 3 = -4*m. Let q = m + 5. Suppose q = b - 4. List the prime factors of b.
2
Let n(m) = m**3 - 5*m**2 + 3*m + 2. Let d be n(4). Let k(j) = -2*j. List the prime factors of k(d).
2
Let a = 395 + -207. What are the prime factors of a?
2, 47
Let r = 36 - 10. List the prime factors of r.
2, 13
Suppose 3*y - l = 18, -11 = -4*y - 2*l + 3. Let q(v) = v**2 - 2*v. Let g be q(y). Let s = g + -9. What are the prime factors of s?
2, 3
Let b(p) = 320*p**2 - p - 1. List the prime factors of b(-1).
2, 5
List the prime factors of (548/(-6))/(((-32)/(-6))/(-16)).
2, 137
Let u = 5 - 3. Let o(t) = -t**3 + t**2. Let g(y) = -4*y**3 + 4*y**2 - y - 2. Let x(m) = g(m) - 6*o(m). List the prime factors of x(u).
2
Let s(p) = -p**2 + 7*p - 4. Let g be s(6). Suppose -5*x + 169 = -i, -4*i + 31 = -g*x + 95. What are the prime factors of x?
2, 17
Let x(h) = -3*h - 1. Let f be x(1). Let k(o) = o**3 + 3*o**2 - 5*o - 6. Let c be k(f). Let u = c - -7. List the prime factors of u.
5
Let v(i) = -9*i**2 - 25*i + 12. Let t(g) = 5*g**2 + 13*g - 6. Let a(s) = 7*t(s) + 4*v(s). Suppose 17 = -3*o - 7. List the prime factors of a(o).
2, 7
Suppose -4*z - i + 33 = 0, i + 0 - 6 = -z. List the prime factors of z.
3
Let i(d) = 3*d**3 - d**2 - 4*d + 3. Let r(j) = -4*j**3 + 2*j**2 + 5*j - 3. Let u(k) = 5*i(k) + 4*r(k). What are the prime factors of u(3)?
3
Suppose b + o + 46 = 2*b, -b - o + 46 = 0. List the prime factors of b.
2, 23
Suppose 3*c - 470 - 92 = -g, -4*c + 750 = g. What are the prime factors of c?
2, 47
Let y be 9/6*4/3. Suppose y = 2*l - 10. Suppose 0 + l = u. List the prime factors of u.
2, 3
Suppose 2*a = n + 2, 2*a + 0 - 2 = -2*n. Suppose c = -n*c + 7. List the prime factors of c.
7
Let x be (4/10)/((-6)/(-30)). Let j be x/1 - (5 + -6). What are the prime factors of (1/j)/(1/33)?
11
Let i = 193 + -115. What are the prime factors of i?
2, 3, 13
Suppose -s = -4*g, -5*s = -5*g - 2*s. Let t = 3 + g. List the prime factors of t.
3
Let u be (-2)/(-5) + (-72)/(-20). Let m(f) = f - 1 + f + 3. List the prime factors of m(u).
2, 5
Suppose -4*n + 8 = 4*s, 0 = -7*n + 2*n - 3*s + 2. Let t = 0 - n. Suppose r + t*r - 6 = 0. List the prime factors of r.
2
Let y be (-3)/4*(-2 + 6). Let p(g) = -3 - 4*g + 2 - 1. List the prime factors of p(y).
2, 5
Let w = -2 + 6. Suppose 5*k + 3*x - 90 = 0, 0 = -w*x + 3*x. Let j = k + -12. What are the prime factors of j?
2, 3
Let i(q) = 11*q**3 - 2*q**2 - 4*q - 2 - 4*q**3 + 0*q**2. Let c be i(-2). List the prime factors of (-1)/(2 - c/(-28)).
2, 7
Let j(f) = f + 1. Let i be j(-3). List the prime factors of i/(-3) - (-50)/6.
3
Suppose 4*w = -2*d + 18, d + 9 = w - 0*d. Suppose -c = -p - 2*p - w, 4*c + 28 = -p. Let j = -3 - c. What are the prime factors of j?
3
Let y be (0 + -9)/3 - 7. What are the prime factors of (-47)/(-3) - y/(-15)?
3, 5
Let z = -145 + 248. List the prime fa